e prime factors of w(-5).
5, 23
List the prime factors of -3 - (-3 + 0) - -396.
2, 3, 11
Suppose 5*i + 141 - 2026 = 0. List the prime factors of i.
13, 29
What are the prime factors of ((4 + -258)/1)/(-2)?
127
Let b be 8/2*(3 + -1). Suppose b*w - 3*w = 40. List the prime factors of w.
2
Suppose -t + 0*t = 1. Let c be (-5)/(t - (2 + -2)). Suppose 115 = c*y - 80. List the prime factors of y.
3, 13
Suppose -29*z + 23*z = -1788. List the prime factors of z.
2, 149
Let j(u) be the third derivative of -u**5/60 + 17*u**4/24 + 10*u**3/3 + 12*u**2. What are the prime factors of j(17)?
2, 5
Suppose 6 = 5*w - 2*d + 1, -4*d = -w - 17. Suppose 0 = -5*j + w*a + 345, 4*j - 276 = -0*j + a. List the prime factors of j.
3, 23
Let y = 377 + 534. What are the prime factors of y?
911
Let i = 33 - 14. Let z = -14 + i. Suppose -f + z*t = -11, -2*f + 4*f - 46 = 4*t. What are the prime factors of f?
31
Let u(j) = -j**3 - j**2 + 2*j + 3. Suppose 0*z = 5*d + 5*z - 40, -d - 5*z = 0. Suppose -2*g - d = 3*g. List the prime factors of u(g).
3
Let v = -602 + -83. What are the prime factors of 1 + (-4)/(20/v)?
2, 3, 23
Suppose -16 = 3*y + 8. Let f = y + 10. Suppose 0 = -3*a + 5*h + 18, f*h + h + 46 = 5*a. List the prime factors of a.
11
Let q = -4756 - -8311. What are the prime factors of q?
3, 5, 79
Let c(a) = 344*a**3 - a**2 - 6*a + 11. What are the prime factors of c(2)?
41, 67
Let d = 12 + 11. Suppose -3*p + 6 = 0, 3*p = -3*r - p + d. Suppose -3*w + r*w - 106 = 0. List the prime factors of w.
53
Let a = 4336 + -2562. List the prime factors of a.
2, 887
What are the prime factors of (1/(6/(-1646)))/(4/(-12))?
823
Suppose 12 + 27 = -3*v. Let x = 5 - v. What are the prime factors of x?
2, 3
What are the prime factors of (30/(-4) + 0)/((-41)/574)?
3, 5, 7
Suppose 10*d - 5*d - 2260 = -5*m, -2*d - 892 = -2*m. List the prime factors of m.
449
Let r be 2/(-6)*0 - -2. Suppose r*p - 2 = 6. Let x = p - -28. What are the prime factors of x?
2
Let i(d) = 21*d**2 - d - 2. Let s be i(3). Let q = -114 + s. Let l = q + -37. List the prime factors of l.
3, 11
Let h = -57 - -95. Let z = 277 - 299. Let a = z + h. List the prime factors of a.
2
Let q be (-3 - (1 - 4)) + -44. Let c = 15 - q. List the prime factors of c.
59
Let k = 2253 - 986. List the prime factors of k.
7, 181
Let l = -49 + 52. Suppose -l*d - 4*i = -2*i - 335, 0 = 3*d + 4*i - 343. What are the prime factors of d?
109
Let b = 1988 + -1061. List the prime factors of b.
3, 103
Suppose 16 = -4*l + 6*l. Let r(z) = -21 - 7*z + 2*z + l + z. List the prime factors of r(-9).
23
Let b = -15 + 19. Let m be 2/1 + (-5 - -3). Suppose 5*j - b*j - 64 = m. What are the prime factors of j?
2
Let v(z) = -5*z**3 - 8*z**2 + 26*z + 178. What are the prime factors of v(-7)?
1319
Suppose 0 = -c + 4*s + 1838, -2*c + 12*s - 15*s = -3632. What are the prime factors of c?
2, 911
Let p be (19 - -2)/(6/4). Let a = p - 12. Suppose -a*i + 11 = -9. List the prime factors of i.
2, 5
Let u = 0 - 6. Let c = 30 + u. What are the prime factors of (32/(-12))/((-4)/c)?
2
Suppose 0 = -137*i + 131*i + 7500. What are the prime factors of i?
2, 5
What are the prime factors of (-15164)/(-51)*(0 + (-3)/(-2))?
2, 223
Let c be 70/(-3)*15/(-10). Let z = c + -28. List the prime factors of z.
7
Let u = 43 - -14. Let w = u - 27. What are the prime factors of w/9 + (-4)/(-6)?
2
Let d = -803 + 1993. Let a be (-6)/9 - d/15. What are the prime factors of a/(-6)*3/2?
2, 5
Let x(t) = t**3 + 4*t**2 + t + 1. Let j be x(-3). Suppose -15 = 2*z - j*z. What are the prime factors of z?
3
Suppose 5*y - 6 - 794 = 0. Suppose 2*t - u - u - y = 0, -5*t - u = -388. List the prime factors of t.
2, 3, 13
Let p = 0 - -4. Let d(m) = -m**2 - 10*m - 19. Let q be d(-5). Suppose p*n - q*n + 50 = 0. What are the prime factors of n?
5
Let g = -27 - -29. Suppose g = m - 8. What are the prime factors of m?
2, 5
Suppose -140*i + 52038 = -119*i. What are the prime factors of i?
2, 3, 7, 59
Suppose 4*a - 2*a - 8 = 0. Suppose 5*b + n + n = 79, a*b + 2*n - 64 = 0. Let j = b + 11. What are the prime factors of j?
2, 13
What are the prime factors of ((-24344)/(-34))/(6/39)?
2, 13, 179
Let k be (-6 - (-8)/2) + 270. List the prime factors of 4/10 + k/5.
2, 3
Let p(r) = -r**2 - 12*r - 8. Let s be p(-6). Suppose u - 8*u = -s. What are the prime factors of -1 + 2 + -1 + u?
2
Let d(b) = b**3 - 9*b**2 + 12. Let j be 0/(-1 + -3) - -12. Let w be (-3)/(((-4)/1)/j). List the prime factors of d(w).
2, 3
Suppose 140*m - 165*m + 25550 = 0. What are the prime factors of m?
2, 7, 73
Let o = -110 + 35. List the prime factors of ((-690)/o)/((-2)/(-5)).
23
Suppose -2*o + 4*o - 54 = 4*v, -5*v + o - 72 = 0. Let l = 24 - v. Suppose -c = -4*c + l. What are the prime factors of c?
13
Let b(y) = 4*y**3 - 5*y**2 - 12*y + 113. List the prime factors of b(7).
2, 17
Let x = -2 - -1. Let h be -3 + (x - -16) + 1. Let k = h - 10. What are the prime factors of k?
3
Suppose b - 7*c = -6*c + 1160, 3*c - 3 = 0. What are the prime factors of b?
3, 43
Suppose d + 2*d - 2*l = 344, 3*l = -d + 111. List the prime factors of d.
2, 3, 19
Suppose -9 + 24 = -5*w. Let z be 1*(-3)/(w/37). Let m = z + -7. What are the prime factors of m?
2, 3, 5
Suppose -2*z + z + 12 = 0. Let x = z - 176. List the prime factors of (-3)/9 + x/(-6).
3
Suppose -75*y + 1 = -76*y. List the prime factors of 21/(-14)*(y - 65).
3, 11
Let o = -102 - -156. Let n = -35 + o. What are the prime factors of n?
19
Let q(y) = -11*y - 25. Let m be q(9). Let i = m + 278. List the prime factors of i.
2, 7, 11
Let h(p) = 16*p + 565. What are the prime factors of h(0)?
5, 113
Let y be (104 - (-2 - 0))*(3 - -3). Let n = y + -380. What are the prime factors of n?
2
Let d(l) = -l**2 + 14*l - 11. Let t(x) = -3*x - 9. Let s be t(-6). What are the prime factors of d(s)?
2, 17
What are the prime factors of (-56)/(-20)*(7 + 1128)?
2, 7, 227
Let j be (-1 + 2)*-3 + 0. Let r = 5 + j. Suppose -s = m - 9, -r*s - 29 = -4*m + s. List the prime factors of m.
2
Let c = 3897 - 2048. List the prime factors of c.
43
Let d(o) = 108*o**2 - 17*o - 1. What are the prime factors of d(-2)?
3, 5, 31
Let y(v) = -v**3 - 14*v**2 - 15*v + 8. Let m be y(-13). Let c = -4 + 10. Suppose -2*d + m = 3*b, c*d - 2*b - 52 = 2*d. What are the prime factors of d?
2, 7
Suppose -3*w = -0*w + 5*g - 894, -g = -2*w + 583. What are the prime factors of w?
293
Let a(w) be the first derivative of 3*w**2 + 3*w + 1. Let y be ((-9)/(-45))/((-2)/(-30)). List the prime factors of a(y).
3, 7
Let n(a) = a**3 - 44. Let f be n(0). Let d be (-8)/f - 159/(-33). List the prime factors of (6 - d)/(2/74).
37
Suppose d + 4*l + 1 - 5 = 0, -4*d - 5 = -5*l. Suppose -5*c + 5*y - 5 = d, 4*y - 10 = -3*c + 22. What are the prime factors of 72/7 + c/(-14)?
2, 5
Let o be 10*(0 - (1 + 0)). Let n be (-4)/(-3)*(7 + o). What are the prime factors of (-112)/n + 1 - 3?
2, 13
Suppose 0 = -5*l + 617 + 533. Suppose 4*g + 3*j - j = 412, -2*g + 5*j = -l. What are the prime factors of g?
3, 5, 7
Suppose -19 = 2*m - p - 68, -3*p - 120 = -5*m. Suppose 103 + m = x. Suppose -2*w + 229 = 5*k, -101 = -5*k - 3*w + x. What are the prime factors of k?
3, 5
Let w be -1*(-3 + 2)*2. Suppose -w*a = a. Suppose -x + 4*d + 13 = 2*d, -3*x + 3*d + 39 = a. What are the prime factors of x?
13
Let c(h) = -h**3 - 2*h**2 + 3*h - 3. Let r be c(2). Let j = r + 20. List the prime factors of 9*j/6*6.
3, 7
Let x(v) = 40*v - 38. Let l be x(-9). List the prime factors of ((-42)/18 - -3) + l/(-6).
67
Let i = -12 + 596. Let t = -415 + i. What are the prime factors of t?
13
Let p = -518 - -1536. List the prime factors of p.
2, 509
Let t = 1550 + -1102. What are the prime factors of t?
2, 7
Let b(z) = z**2 - 9*z + 5. Let d be b(8). List the prime factors of (-1)/(d/(-603)*(-1 + -2)).
67
Let n = -348 + 774. Suppose -4*j = -5*m + m - 536, -3*j - 5*m = -n. List the prime factors of j.
137
Let j(z) = -z - 20. Let d be j(-14). Let s = d + 5. List the prime factors of s/((20/(-36))/5).
3
Let z be 1/((-12)/(-10) + -1). Let v(u) = u - 7. Let d be v(z). List the prime factors of 1*(d - -1) - -18.
17
What are the prime factors of 3 + 580 - (4 + 4 + -3)?
2, 17
Let i(o) = -o + 15. Let u be i(13). What are the prime factors of u*2/(-8)*-3*46?
3, 23
Suppose -5*l + 774 + 1746 = 0. Suppose l = 11*j - 8*j. What are the prime fac